9 a composite number?
False
Is 713 a prime number?
False
Is 701 a composite number?
False
Is 159491 a composite number?
False
Is 316453 composite?
False
Is 18749 a prime number?
True
Is 82801 prime?
False
Is 74411 a prime number?
True
Is 31054 a composite number?
True
Is 13609 a composite number?
True
Is 20249 composite?
False
Is 388459 prime?
True
Is 12981 prime?
False
Is 17951 a composite number?
True
Is 211921 prime?
False
Is 6497 composite?
True
Is 497 a prime number?
False
Is 3293 composite?
True
Is 91121 prime?
True
Is 1388587 a composite number?
False
Is 392419 a composite number?
True
Is 18391 a composite number?
True
Is 50359 composite?
False
Is 630962 a composite number?
True
Is 8887 a prime number?
True
Is 78103 a composite number?
True
Is 18511 prime?
False
Is 3457 composite?
False
Is 1757 a composite number?
True
Is 124669 a prime number?
True
Is 329045 composite?
True
Is 1242859 prime?
True
Is 283993 a prime number?
False
Is 53951 composite?
False
Is 159059 prime?
True
Is 6995 prime?
False
Is 328826 a prime number?
False
Is 337709 composite?
True
Is 146141 prime?
True
Is 267209 prime?
False
Is 815 composite?
True
Is 4321 composite?
True
Is 11299 a prime number?
True
Is 24419 a composite number?
False
Is 150179 a composite number?
True
Is 102605 prime?
False
Is 148853 a prime number?
True
Is 5779 a composite number?
False
Is 587 a composite number?
False
Is 7349 a prime number?
True
Is 81749 prime?
True
Is 5999 a prime number?
False
Is 270557 composite?
True
Is 2044619 a composite number?
True
Is 1843 composite?
True
Is 8011 a composite number?
False
Is 242185 a composite number?
True
Is 18461 prime?
True
Is 187861 a prime number?
True
Is 10289 a prime number?
True
Is 197203 a prime number?
True
Is 496283 a composite number?
False
Is 2768863 a composite number?
False
Is 150901 composite?
False
Is 204423 composite?
True
Is 21117 prime?
False
Is 1018643 a prime number?
True
Is 18182 a prime number?
False
Is 9619 prime?
True
Is 271847 a composite number?
True
Is 6197 composite?
False
Is 163433 composite?
False
Is 6241 a prime number?
False
Is 13047 a prime number?
False
Is 174569 a prime number?
True
Is 10279 composite?
True
Is 205241 a prime number?
False
Is 2084441 a prime number?
True
Is 3251 a prime number?
True
Is 32127 prime?
False
Is 7561 composite?
False
Is 13666 a prime number?
False
Is 340654 a prime number?
False
Is 37 a prime number?
True
Is 281107 prime?
False
Is 24737 composite?
True
Is 26669 a composite number?
False
Is 68777 composite?
False
Is 19121 a prime number?
True
Is 15401 composite?
False
Is 159947 prime?
False
Is 991 composite?
False
Is 257605 a prime number?
False
Is 225667 a composite number?
True
Is 15073 a prime number?
True
Is 277783 a prime number?
False
Is 3193 a prime number?
False
Is 13669 a prime number?
True
Is 7283 a composite number?
False
Is 2507 prime?
False
Is 638993 composite?
False
Is 323305 a composite number?
True
Is 1319 a composite number?
False
Is 90889 a composite number?
True
Is 2374903 a composite number?
False
Is 150649 composite?
False
Is 3504233 a prime number?
False
Is 287731 a composite number?
False
Is 176133 prime?
False
Is 28961 composite?
False
Is 18731 a prime number?
True
Is 7621 a composite number?
False
Is 39851 prime?
False
Is 83969 a prime number?
True
Is 99089 a composite number?
False
Is 5557 composite?
False
Is 40141 composite?
True
Is 1037791 prime?
True
Is 913 composite?
True
Is 137357 prime?
False
Is 9977 prime?
False
Is 34403 composite?
False
Is 36647 composite?
True
Is 1367 prime?
True
Is 11677 a composite number?
False
Is 46711 a prime number?
False
Is 37397 composite?
False
Is 44839 a composite number?
False
Is 424411 a prime number?
False
Is 4561 prime?
True
Is 708307 prime?
False
Is 2908931 a prime number?
True
Is 34849 composite?
False
Is 39665 composite?
True
Is 1850789 composite?
False
Is 52009 a composite number?
False
Is 126379 a composite number?
True
Is 83761 prime?
True
Is 310265 composite?
True
Is 10334 a composite number?
True
Is 386641 composite?
False
Is 4751 prime?
True
Is 225427 composite?
False
Is 375029 a prime number?
True
Is 1023743 a composite number?
True
Is 584627 a prime number?
True
Is 25331 a prime number?
False
Is 2949 a prime number?
False
Is 86971 prime?
False
Is 1399085 a composite number?
True
Is 9413 prime?
True
Is 6283 prime?
False
Is 10129 prime?
False
Is 155897 prime?
False
Is 7493 a composite number?
True
Is 7829 a prime number?
True
Is 6265559 prime?
True
Is 9029 composite?
False
Is 2031749 prime?
True
Is 205223 composite?
False
Is 153133 a composite number?
False
Is 815489 prime?
False
Is 4533 a prime number?
False
Is 117101 a prime number?
True
Is 72953 prime?
True
Is 55 composite?
True
Is 3966909 composite?
True
Is 8951 a composite number?
False
Is 67121 a composite number?
False
Is 9091 prime?
True
Is 74247 a composite number?
True
Is 5398 a composite number?
True
Is 115 a prime number?
False
Is 157507 composite?
True
Is 1537 a composite number?
True
Is 1769 a prime number?
False
Is 167861 a composite number?
False
Is 4637 prime?
True
Is 108043 a composite number?
True
Is 13142 prime?
False
Is 183917 a composite number?
False
Is 2581 a prime number?
False
Is 447 a composite number?
True
Is 12898 prime?
False
Is 3587 a composite number?
True
Is 7121 a composite number?
False
Is 2149403 a prime number?
True
Is 8819 prime?
True
Is 3163 a prime number?
True
Is 28383 a composite number?
True
Is 45449 prime?
False
Is 1177 prime?
False
Is 656483 composite?
False
Is 6469 a prime number?
True
Is 17543 a composite number?
True
Is 93977 prime?
False
Is 40759 prime?
True
Is 611491 a prime number?
False
Is 493333 prime?
True
Is 2461 prime?
False
Is 121214 prime?
False
Is 4918 a composite number?
True
Is 120845 composite?
True
Is 42989 prime?
True
Is 27179 a composite number?
False
Is 47339 a composite number?
False
Is 394211 a composite number?
False
Is 25007 a composite number?
True
Is 8191 prime?
True
Is 29167 a prime number?
True
Is 18367 a composite number?
False
Is 5006369 prime?
True
Is 7669 prime?
True
Is 24943 prime?
True
Is 33339 prime?
False
Is 301137 a composite number?
True
Is 268889 composite?
True
Is 31277 prime?
True
Is 36601 prime?
False
Is 2741 prime?
True
Is 1537 a composite number?
True
Is 29599 a prime number?
True
Is 785269 a composite number?
False
Is 62107 prime?
False
Is 69539 composite?
False
Is 1381513 a composite number?
True
Is 21763 a composite number?
True
Is 11477 prime?
False
Is 21281 a prime number?
False
Is 3545 prime?
False
Is 277117 a prime number?
False
Is 233009 composite?
True
Is 2267 a prime number?
True
Is 6049 composite?
True
Is 24133 composite?
False
Is 6791 a composite number?
False
Is 735439 composite?
False
Is 585769 a composite number?
True
Is 211 composite?
False
Is 345383 composite?
True
Is 10313 a prime number?
True
Is 14291 a composite number?
True
Is 50221 composite?
False
Is 8083 a prime number?
False
Is 25577 a prime number?
True
Is 91367 composite?
False
Is 17257 prime?
True
Is 1797 prime?
False
Is 10762 prime?
False
Is 134557 prime?
False
Is 62758 a prime number?
False
Is 282155 a prime number?
False
Is 112061 prime?
True
Is 410357 prime?
False
Is 186773 a prime number?
True
Is 2099 a prime number?
True
Is 23719 a prime number?
True
Is 9091 prime?
True
Is 17849 a prime number?
False
Is 5483 a composite number?
False
Is 12251 prime?
True
Is 46583 composite?
True
Is 1754 prime?
False
Is 210229 a composite number?
False
Is 141711 composite?
True
Is 3643 composite?
False
Is 2386739 composite?
False
Is 746597 a prime number?
True
Is 18607 a composite number?
True
Is 40649 composite?
True
Is 122101 a prime number?
False
Is 88135 prime?
False
Is 25195 a prime number?
False
Is 8641 a prime number?
True
Is 143953 a composite number?
False
Is 3959 a composite number?
True
Is 422267 a prime number?
True
Is 135383 a composite number?
True
Is 16183 a composite number?
False
Is 743497 a composite number?
True
Is 12227 a composite number?
False
Is 582213 a prime number?
False
Is 45523 prime?
True
Is 10903 a prime number?
True
Is 24491 a prime number?
False
Is 102093 a composite number?
True
Is 442565 composite?
True
Is 281509 a prime number?
True
Is 505 a composite number?
True
Is 39929